t(c) = -3*c**3 + 50*c**2 + 16*c + 7. Calculate t(17).
-10
Let q(k) = -k**3 + 12*k**2 - 14*k + 20. Give q(11).
-13
Let o(w) = w**3 + 19*w**2 - 121*w - 3. Calculate o(5).
-8
Let u(o) = o**2 + o - 44. Determine u(0).
-44
Let k(o) = -2*o**3 + 2*o**2 + o - 8. Calculate k(0).
-8
Let d(l) = -13*l - 189. Determine d(-15).
6
Let a(u) = -u**3 + 9*u**2 - 6*u - 5. Give a(8).
11
Let j(w) = w**2 + 10*w - 14. Determine j(-10).
-14
Let s(n) = -n**2 - 2*n + 95. What is s(0)?
95
Let j(i) = 5*i - 90. Give j(17).
-5
Let r(y) = y**3 + 8*y**2 - 11*y - 16. What is r(-9)?
2
Let p(w) = -w**2 + 22*w + 28. Determine p(24).
-20
Let g(z) = -z**2 + 19*z - 59. Give g(4).
1
Let x(v) = -10*v**2 + 146*v + 60. Determine x(15).
0
Let g(s) = -44*s**3 - s**2 + s + 1. What is g(-1)?
43
Let i(h) = h**3 - 28*h**2 + 31*h - 33. What is i(27)?
75
Let q(l) = 8*l**3 + 2*l**2 - 4*l + 4. What is q(2)?
68
Let r(z) = 2*z**3 + 45*z**2 - 24*z - 24. Determine r(-23).
-1
Let i(j) = -2*j**2 + 17*j - 15. Calculate i(7).
6
Let j(b) = 3*b - 38. Calculate j(15).
7
Let d(b) = 11*b + 129. Determine d(-12).
-3
Let i(z) = 25*z - 1. Determine i(4).
99
Let s(u) = -3*u**2 + 8*u - 3. Calculate s(5).
-38
Let n(g) = -g - 1. Calculate n(-10).
9
Let i(d) = -d**3 - 38*d**2 + 4*d + 158. Give i(-38).
6
Let s(a) = -a + 8. Determine s(-8).
16
Let d(l) = -l**3 + 12*l**2 - 12. Calculate d(12).
-12
Let k(b) = 7*b**2 - 2*b - 1. Calculate k(-3).
68
Let b(n) = 4*n - 5. Calculate b(-7).
-33
Let c(u) = u**3 + 2*u**2 - 7*u. What is c(-4)?
-4
Let j(b) = -2*b. Determine j(6).
-12
Let y(i) = i**3 - 8*i**2 - 10*i - 1. Determine y(9).
-10
Let k(m) = 2*m**2 - 4*m - 4. What is k(-2)?
12
Let m(n) = n**3 - 8*n**2 + 13*n + 11. What is m(5)?
1
Let o(b) = b + 25. Give o(-20).
5
Let f(d) = -8*d + 18. What is f(8)?
-46
Let w(u) = u + 5. Calculate w(8).
13
Let u(t) = -13*t + 3. Calculate u(3).
-36
Let i(m) = m**2 + 5*m - 47. Calculate i(-10).
3
Let f(g) = -g**3 + 5*g**2 - 20*g + 44. Give f(4).
-20
Let d(m) = 3*m**2 + 2*m + 2. What is d(3)?
35
Let x(o) = -o**3 - 30*o**2 - 2*o - 59. Determine x(-30).
1
Let q(c) = 2*c - 10. Calculate q(-3).
-16
Let n(c) = c**2 + 7*c - 28. What is n(-10)?
2
Let z(w) = -12*w + 43. Calculate z(6).
-29
Let u(y) = y**2 - 12*y + 28. What is u(4)?
-4
Let u(f) = -f**3 + 14*f**2 - 7*f + 6. Give u(13).
84
Let n(c) = -5*c**2 - 31*c - 5. Give n(-6).
1
Let s(z) = -2*z**3 + 4*z**2 - 3*z + 1. Determine s(2).
-5
Let a(g) = -16*g + 10. Determine a(0).
10
Let j(s) = 6*s + 80. Calculate j(-13).
2
Let w(l) = -l**2 - 9*l + 70. What is w(-23)?
-252
Let o(a) = 2*a**3 - 53*a**2 + 9*a + 436. Calculate o(26).
-6
Let o(v) = -3*v**2 + 28*v - 27. Calculate o(12).
-123
Let q(v) = -v - 7. Calculate q(12).
-19
Let f(x) = -x**2 + 7*x + 36. What is f(9)?
18
Let l(i) = -7*i - 50. Calculate l(-8).
6
Let f(q) = -q + 2. Calculate f(6).
-4
Let w(z) = -z + 15. Calculate w(4).
11
Let j(c) = c**3 - 5*c**2 + 2*c + 3. Give j(4).
-5
Let g(t) = -t**2 + 5*t + 23. Give g(7).
9
Let l(o) = -3*o**2 - 39*o - 66. Calculate l(-11).
0
Let n(w) = -2*w + 27. Give n(-15).
57
Let b(p) = p**2 - 14*p - 23. Determine b(16).
9
Let a(l) = l - 18. Give a(10).
-8
Let n(f) = -f**2 - 10*f + 16. Determine n(-11).
5
Let y(f) = -f**2 - f + 3. Calculate y(5).
-27
Let b(h) = 2*h + 16. Calculate b(-13).
-10
Let v(c) = -c**3 + 2*c - 7. Determine v(0).
-7
Let m(d) = d**2 - 20*d + 14. Determine m(19).
-5
Let b(j) = -2*j**3 - 50*j**2 + 51*j. Give b(-26).
26
Let j(w) = 7*w - 68. Determine j(11).
9
Let z(p) = -p**3 + 22*p**2 - 19*p - 60. Calculate z(21).
-18
Let u(k) = -k**3 - 7*k**2 - 6*k - 14. Determine u(-8).
98
Let s(u) = u**3 - 12*u**2 + 10*u - 15. Determine s(11).
-26
Let w(u) = 7*u - 26. Give w(4).
2
Let d(r) = -r**3 + 12*r**2 - 19*r - 11. Calculate d(10).
-1
Let u(f) = -5*f**3 - 2*f**2 + 2*f + 1. What is u(1)?
-4
Let w(j) = -j**2 + 5*j - 5. Calculate w(4).
-1
Let t(l) = 33*l + 33. What is t(1)?
66
Let u(k) = -4*k. Calculate u(-4).
16
Let w(v) = -v**2 - 3*v - 6. Give w(-9).
-60
Let s(u) = -u**3 + 9*u**2 + 2*u + 40. Calculate s(10).
-40
Let h(f) = -f**3 + 7*f**2 + 3*f - 17. Calculate h(8).
-57
Let y(c) = -46*c + 341. Calculate y(8).
-27
Let h(c) = -10*c**2 - 48*c + 9. Give h(-5).
-1
Let d(v) = v**3 - 15*v**2 + 4. What is d(15)?
4
Let b(d) = -d**3 - 8*d**2 + 2*d + 10. Determine b(-8).
-6
Let z(g) = -15*g**2 + g + 1. What is z(-1)?
-15
Let h(x) = 8*x**2 + 19*x + 10. Give h(-2).
4
Let w(z) = -3*z**3 + 4*z**2 - 3*z. Determine w(2).
-14
Let j(y) = -2*y**2 - 8*y + 5. What is j(-8)?
-59
Let h(n) = 2*n + 8. Determine h(-12).
-16
Let b(y) = 3*y + 12. Determine b(11).
45
Let f(r) = -r**3 + 9*r**2 - 2*r + 12. Determine f(9).
-6
Let z(c) = c**2 - 7*c + 10. What is z(4)?
-2
Let i(r) = r**3 + 30*r**2 + 84*r + 82. Give i(-27).
1
Let n(u) = u + 5. Determine n(4).
9
Let c(v) = -35*v**2 - 10*v + 15. Determine c(2).
-145
Let u(k) = -2*k + 15. Calculate u(25).
-35
Let a(z) = z**3 + 10*z**2 + 21*z + 54. What is a(-8)?
14
Let c(p) = -p**3 + 3*p**2 + 6*p - 2. Calculate c(4).
6
Let w(u) = 51*u + 253. What is w(-5)?
-2
Let u(z) = -z**2 + 8*z - 11. Calculate u(10).
-31
Let z(j) = j**2 + 58*j + 311. Determine z(-6).
-1
Let w(n) = -59*n + 25. Determine w(2).
-93
Let k(p) = -3*p**3 + 6*p**2 + 10*p. Calculate k(3).
3
Let s(x) = x**3 + 9*x**2 - 9*x + 14. Calculate s(-10).
4
Let o(l) = 11*l + 170. Give o(-15).
5
Let s(i) = 3*i - 1. Determine s(3).
8
Let d(o) = o**2 + 9*o - 124. Calculate d(-15).
-34
Let g(u) = 2*u**3 + 10*u**2 - 12*u + 3. What is g(-6)?
3
Let a(r) = 3*r + 6. What is a(-6)?
-12
Let m(c) = -c**3 + 18*c**2 - 38*c + 16. What is m(15)?
121
Let m(h) = -h + 13. Give m(13).
0
Let v(z) = z + 3. Calculate v(8).
11
Let f(t) = -6*t**2 + 4*t - 2. Give f(4).
-82
Let l(v) = -5*v**2 - 241*v - 46. Determine l(-48).
2
Let w(y) = 6*y**2 + 44*y - 8. What is w(-8)?
24
Let k(c) = 3*c**3 - 10*c**2 + 5*c - 32. Determine k(4).
20
Let q(l) = -4*l + 117. What is q(27)?
9
Let m(a) = -a. Calculate m(3).
-3
Let w(r) = r**3 + 22*r**2 + 40*r + 1. Give w(-20).
1
Let h(o) = o**3 - 6*o**2 - 11*o + 1. Give h(7).
-27
Let s(g) = 2*g**2 + 28. Determine s(0).
28
Let l(n) = 7*n**3 - 2*n**2 + 4*n - 2. Determine l(1).
7
Let t(s) = -s**2 + 2*s + 10. Calculate t(4).
2
Let i(b) = b**2 + 22*b + 57. Determine i(-5).
-28
Let y(h) = -7*h - 56. Give y(-7).
-7
Let w(g) = -g**3 - 29*g**2 + 3*g + 45. Determine w(-29).
-42
Let x(s) = -19*s + 44. Give x(4).
-32
Let o(i) = i + 4. Calculate o(-15).
-11
Let p(s) = -s + 2. Give p(-12).
14
Let p(t) = t**2 + 11*t + 1. Determine p(-10).
-9
Let h(g) = g**3 - 8*g**2 + 8. What is h(8)?
8
Let n(u) = u**3 - 9*u**2 + 8*u + 15. Calculate n(7).
-27
Let f(m) = m**3 - 10*m**2 - 11*m - 3. Calculate f(11).
-3
Let p(c) = -c**3 + 23*c**2 - 24*c + 38. Give p(22).
-6
Let l(u) = 18*u + 24. Give l(-2).
-12
Let i(g) = 8*g + 7. What is i(0)?
7
Let w(o) = 2*o**3 - 27*o**2 - 14*o + 2. Give w(14).
2
Let t(y) = 5*y - 67. What is t(20)?
33
Let l(p) = 8*p**2 + 1. Calculate l(-1).
9
Let w(p) = -27*p - 292. What is w(-11)?
5
Let s(a) = a**2 - 2. Calculate s(1).
-1
Let r(d) = -d**2 - d - 2. Determine r(-1).
-2
Let p(h) = h**2 - 11*h - 2. Give p(10).
-12
Let m(a) = a**3 + 5*a**2 + 2*a + 9. Calculate m(-5).
-1
Let q(p) = -p**3 - 12*p**2 - 33*p - 124. Give q(-10).
6
Let q(i) = -52*i + 148. Calculate q(3).
-8
Let m(k) = k - 10. What is m(8)?
-2
Let d(m) = -m**3 + 32*m**2 - 62*m + 59. Give d(30).
-1
Let r(n) = -3*n**2 - 9*n - 5. Calculate r(-3).
-5
Let u(q) = q**2 + 5*q + 3. Give u(-6).
9
Let x(f) = -f**2 + 2*f - 12. What is x(8)?
-60
Let g(q) = -q**2 - 10*q + 17. Calculate g(-12).
-7
Let k(z) = -z**2 - 3*z + 49. Determine k(5).
9
Let p(x) = -13*x + 267. What is p(20)?
7
Let v(u) = 9*u**3 + u**2 + 5*u + 5. Give v(-1).
-8
Let n(f) = -8*f + 3. What is n(-4)?
35
Let g(n) = -3*n + 75. Calculate g(14).
33
Let z(k) = k**3 - 6*k**2 - 6*k - 7. Determine z(7).
0
Let x(o) = o**3 + 4*o**2 - 4*o + 4. Give x(-5).
-1
Let u(h) = h**2 - 6*h - 10. What is u(3)?
-19
Let n(t) = -2*t**2 - 2*t + 318. Calculate n(-13).
6
Let q(r) = -r**3 - 7*r**2 - 6*r - 9. What is q(-6)?
-9
Let r(x) = 3*x + 32. Give r(-23).
-37
Let z(t) = t**2 - 14*t - 3. What is z(6)?
-51
Let l(w) = -2*w - 61. What is l(-26)?
-9
Let u(o) = o**2 - 13*o + 7. What is u(10)?
-23
Let j(a) = -41*a + 1. Determine j(1).
-40
Let u(g) = -g**2 - 7*g + 2. Determine u(4).
-42
Let c(a) = -a**2 + a - 2. Ca